{"id":705,"date":"2020-08-14T19:36:31","date_gmt":"2020-08-14T17:36:31","guid":{"rendered":"https:\/\/ilhlaw.com\/?page_id=705"},"modified":"2020-10-02T01:10:43","modified_gmt":"2020-10-01T23:10:43","slug":"ilh-accounting","status":"publish","type":"page","link":"https:\/\/ilhlaw.com\/?page_id=705","title":{"rendered":"ILH Accounting"},"content":{"rendered":"\t\t<div data-elementor-type=\"wp-page\" data-elementor-id=\"705\" class=\"elementor elementor-705\" data-elementor-post-type=\"page\">\n\t\t\t\t\t\t<section class=\"elementor-section elementor-top-section elementor-element elementor-element-18c0d42 elementor-section-stretched elementor-section-full_width elementor-section-height-full elementor-section-items-bottom elementor-section-height-default\" data-id=\"18c0d42\" data-element_type=\"section\" data-e-type=\"section\" data-settings=\"{&quot;stretch_section&quot;:&quot;section-stretched&quot;,&quot;background_background&quot;:&quot;classic&quot;}\">\n\t\t\t\t\t\t\t<div class=\"elementor-background-overlay\"><\/div>\n\t\t\t\t\t\t\t<div class=\"elementor-container elementor-column-gap-default\">\n\t\t\t\t\t<div class=\"elementor-column elementor-col-100 elementor-top-column elementor-element elementor-element-7621124\" data-id=\"7621124\" data-element_type=\"column\" data-e-type=\"column\">\n\t\t\t<div class=\"elementor-widget-wrap elementor-element-populated\">\n\t\t\t\t\t\t<div class=\"elementor-element elementor-element-8f09e8e elementor-widget elementor-widget-heading\" data-id=\"8f09e8e\" data-element_type=\"widget\" data-e-type=\"widget\" data-widget_type=\"heading.default\">\n\t\t\t\t<div class=\"elementor-widget-container\">\n\t\t\t\t\t<h1 class=\"elementor-heading-title elementor-size-default\">ILH ACCOUNTING<\/h1>\t\t\t\t<\/div>\n\t\t\t\t<\/div>\n\t\t\t\t<div class=\"elementor-element elementor-element-83a6408 elementor-widget elementor-widget-heading\" data-id=\"83a6408\" data-element_type=\"widget\" data-e-type=\"widget\" data-widget_type=\"heading.default\">\n\t\t\t\t<div class=\"elementor-widget-container\">\n\t\t\t\t\t<h3 class=\"elementor-heading-title elementor-size-default\">Servicio de contabilidad y preparaci\u00f3n de estados financieros para empresas \nde Panam\u00e1 y de cualesquiera jurisdicciones, a trav\u00e9s de contadores p\u00fablicos \nautorizados de comprobada experiencia y reputaci\u00f3n. <\/h3>\t\t\t\t<\/div>\n\t\t\t\t<\/div>\n\t\t\t\t<div class=\"elementor-element elementor-element-e3ecbaf elementor-widget elementor-widget-spacer\" data-id=\"e3ecbaf\" data-element_type=\"widget\" data-e-type=\"widget\" data-widget_type=\"spacer.default\">\n\t\t\t\t<div class=\"elementor-widget-container\">\n\t\t\t\t\t\t\t<div class=\"elementor-spacer\">\n\t\t\t<div class=\"elementor-spacer-inner\"><\/div>\n\t\t<\/div>\n\t\t\t\t\t\t<\/div>\n\t\t\t\t<\/div>\n\t\t\t\t\t<\/div>\n\t\t<\/div>\n\t\t\t\t\t<\/div>\n\t\t<\/section>\n\t\t\t\t<section class=\"elementor-section elementor-top-section elementor-element elementor-element-5d18c13 elementor-section-boxed elementor-section-height-default elementor-section-height-default\" data-id=\"5d18c13\" data-element_type=\"section\" data-e-type=\"section\" data-settings=\"{&quot;background_background&quot;:&quot;classic&quot;}\">\n\t\t\t\t\t\t<div class=\"elementor-container elementor-column-gap-default\">\n\t\t\t\t\t<div class=\"elementor-column elementor-col-100 elementor-top-column elementor-element elementor-element-56de25a\" data-id=\"56de25a\" data-element_type=\"column\" data-e-type=\"column\">\n\t\t\t<div class=\"elementor-widget-wrap elementor-element-populated\">\n\t\t\t\t\t\t<section class=\"elementor-section elementor-inner-section elementor-element elementor-element-69f4fcc elementor-section-boxed elementor-section-height-default elementor-section-height-default\" data-id=\"69f4fcc\" data-element_type=\"section\" data-e-type=\"section\">\n\t\t\t\t\t\t<div class=\"elementor-container elementor-column-gap-default\">\n\t\t\t\t\t<div class=\"elementor-column elementor-col-100 elementor-inner-column elementor-element elementor-element-c87219e\" data-id=\"c87219e\" data-element_type=\"column\" data-e-type=\"column\" data-settings=\"{&quot;background_background&quot;:&quot;classic&quot;}\">\n\t\t\t<div class=\"elementor-widget-wrap elementor-element-populated\">\n\t\t\t\t\t<div class=\"elementor-background-overlay\"><\/div>\n\t\t\t\t\t\t<div class=\"elementor-element elementor-element-87e4221 elementor-widget elementor-widget-spacer\" data-id=\"87e4221\" data-element_type=\"widget\" data-e-type=\"widget\" data-widget_type=\"spacer.default\">\n\t\t\t\t<div class=\"elementor-widget-container\">\n\t\t\t\t\t\t\t<div class=\"elementor-spacer\">\n\t\t\t<div class=\"elementor-spacer-inner\"><\/div>\n\t\t<\/div>\n\t\t\t\t\t\t<\/div>\n\t\t\t\t<\/div>\n\t\t\t\t<div class=\"elementor-element elementor-element-45e55a3 elementor-widget elementor-widget-text-editor\" data-id=\"45e55a3\" data-element_type=\"widget\" data-e-type=\"widget\" data-widget_type=\"text-editor.default\">\n\t\t\t\t<div class=\"elementor-widget-container\">\n\t\t\t\t\t\t\t\t\t<p>Creamos esta unidad de negocio dedicada exclusivamente a atender sus necesidades a trav\u00e9s de los servicios:<\/p><p><strong>Servicios contables y administrativos<\/strong><\/p><ul><li>Registros contables y teneduria de libros.<\/li><li>Revisiones contables conforme a normas NIIF <br \/>y\/o normas GAAT.<\/li><li>Analisis de cuentas.<\/li><li>Elaboracion de Estados Financieros.<\/li><li>Cumplimientos fiscales<\/li><li>I.T.B.M.S.<\/li><li>Timbres<\/li><li>Informes de compras<\/li><li>Declaracion jurada anual, municipal y nacional.<\/li><li>Preparacion de nominas o planillas laborales.<\/li><\/ul><p><strong>Asesor\u00eda fiscal<\/strong><\/p><ul><li>Tramite de Aviso de Operacion \/ Licencia Comercial.<\/li><li>Declaraciones de renta.<\/li><li>Declaraciones de impuestos Nacionales y Municipales.<\/li><\/ul><p><strong>Auditor\u00edas externas<\/strong><\/p><ul><li>Auditoria de Estados Financieros.<\/li><li>Auditoria de procedimientos convenidos.<\/li><li>Preparacion de Estados Financieros.<\/li><li>Revisados.<\/li><li>Consolidados.<\/li><li>Toma fisica de inventarios de activos fijos.<\/li><li>Certificaciones:<\/li><li>Ingresos<\/li><li>CXP<\/li><li>Accionistas\u00a0<\/li><\/ul><p><strong>Consultor\u00eda y control interno <\/strong><\/p><ul><li>Rediseno de procesos<\/li><li>Administracion de proyectos<\/li><li>Administracion del cambio<\/li><li>Analisis de Sistemas y Programacion<\/li><li>Manuales de procedimientos<\/li><li>Gobierno corporativo<\/li><li>Administracion de riesgos<\/li><li>Analisis financieros, Cumplimiento, Due Diligence, auditoria interna, auditoria forense y peritajes.<\/li><\/ul>\t\t\t\t\t\t\t\t<\/div>\n\t\t\t\t<\/div>\n\t\t\t\t\t<\/div>\n\t\t<\/div>\n\t\t\t\t\t<\/div>\n\t\t<\/section>\n\t\t\t\t\t<\/div>\n\t\t<\/div>\n\t\t\t\t\t<\/div>\n\t\t<\/section>\n\t\t\t\t<section class=\"elementor-section elementor-top-section elementor-element elementor-element-ac01901 elementor-section-boxed elementor-section-height-default elementor-section-height-default\" data-id=\"ac01901\" data-element_type=\"section\" data-e-type=\"section\" data-settings=\"{&quot;background_background&quot;:&quot;classic&quot;}\">\n\t\t\t\t\t\t<div class=\"elementor-container elementor-column-gap-default\">\n\t\t\t\t\t<div class=\"elementor-column elementor-col-100 elementor-top-column elementor-element elementor-element-87e7f29\" data-id=\"87e7f29\" data-element_type=\"column\" data-e-type=\"column\">\n\t\t\t<div class=\"elementor-widget-wrap elementor-element-populated\">\n\t\t\t\t\t\t<section class=\"elementor-section elementor-inner-section elementor-element elementor-element-c52c8dd elementor-section-boxed elementor-section-height-default elementor-section-height-default\" data-id=\"c52c8dd\" data-element_type=\"section\" data-e-type=\"section\">\n\t\t\t\t\t\t<div class=\"elementor-container elementor-column-gap-default\">\n\t\t\t\t\t<div class=\"elementor-column elementor-col-100 elementor-inner-column elementor-element elementor-element-f519f13\" data-id=\"f519f13\" data-element_type=\"column\" data-e-type=\"column\">\n\t\t\t<div class=\"elementor-widget-wrap elementor-element-populated\">\n\t\t\t\t\t\t<div class=\"elementor-element elementor-element-656bb59 elementor-widget elementor-widget-spacer\" data-id=\"656bb59\" data-element_type=\"widget\" data-e-type=\"widget\" data-widget_type=\"spacer.default\">\n\t\t\t\t<div class=\"elementor-widget-container\">\n\t\t\t\t\t\t\t<div class=\"elementor-spacer\">\n\t\t\t<div class=\"elementor-spacer-inner\"><\/div>\n\t\t<\/div>\n\t\t\t\t\t\t<\/div>\n\t\t\t\t<\/div>\n\t\t\t\t\t<\/div>\n\t\t<\/div>\n\t\t\t\t\t<\/div>\n\t\t<\/section>\n\t\t\t\t\t<\/div>\n\t\t<\/div>\n\t\t\t\t\t<\/div>\n\t\t<\/section>\n\t\t\t\t<section class=\"elementor-section elementor-top-section elementor-element elementor-element-895d98c elementor-section-stretched elementor-section-full_width elementor-section-height-default elementor-section-height-default\" data-id=\"895d98c\" data-element_type=\"section\" data-e-type=\"section\" data-settings=\"{&quot;stretch_section&quot;:&quot;section-stretched&quot;}\">\n\t\t\t\t\t\t<div class=\"elementor-container elementor-column-gap-default\">\n\t\t\t\t\t<div class=\"elementor-column elementor-col-100 elementor-top-column elementor-element elementor-element-d0d52bc\" data-id=\"d0d52bc\" data-element_type=\"column\" data-e-type=\"column\">\n\t\t\t<div class=\"elementor-widget-wrap elementor-element-populated\">\n\t\t\t\t\t\t<div class=\"elementor-element elementor-element-379c50d elementor-widget elementor-widget-google_maps\" data-id=\"379c50d\" data-element_type=\"widget\" data-e-type=\"widget\" data-widget_type=\"google_maps.default\">\n\t\t\t\t<div class=\"elementor-widget-container\">\n\t\t\t\t\t\t\t<div class=\"elementor-custom-embed\">\n\t\t\t<iframe\n\t\t\t\t\tdata-src=\"https:\/\/maps.google.com\/maps?q=ILH%20Law%20&#038;t=m&#038;z=15&#038;output=embed&#038;iwloc=near\"\n\t\t\t\t\ttitle=\"ILH Law \"\n\t\t\t\t\taria-label=\"ILH Law \"\n\t\t\t src=\"data:image\/svg+xml;base64,PHN2ZyB3aWR0aD0iMSIgaGVpZ2h0PSIxIiB4bWxucz0iaHR0cDovL3d3dy53My5vcmcvMjAwMC9zdmciPjwvc3ZnPg==\" class=\"lazyload\" data-load-mode=\"1\"><\/iframe>\n\t\t<\/div>\n\t\t\t\t\t\t<\/div>\n\t\t\t\t<\/div>\n\t\t\t\t\t<\/div>\n\t\t<\/div>\n\t\t\t\t\t<\/div>\n\t\t<\/section>\n\t\t\t\t<\/div>\n\t\t","protected":false},"excerpt":{"rendered":"<p>ILH ACCOUNTING Servicio de contabilidad y preparaci\u00f3n de estados financieros para empresas de Panam\u00e1 y de cualesquiera jurisdicciones, a trav\u00e9s de contadores p\u00fablicos autorizados de comprobada experiencia y reputaci\u00f3n. Creamos esta unidad de negocio dedicada exclusivamente a atender sus necesidades a trav\u00e9s de los servicios: Servicios contables y administrativos Registros contables y teneduria de libros. [&hellip;]<\/p>\n","protected":false},"author":1,"featured_media":0,"parent":0,"menu_order":0,"comment_status":"closed","ping_status":"closed","template":"","meta":{"site-sidebar-layout":"no-sidebar","site-content-layout":"page-builder","ast-site-content-layout":"default","site-content-style":"default","site-sidebar-style":"default","ast-global-header-display":"","ast-banner-title-visibility":"","ast-main-header-display":"","ast-hfb-above-header-display":"","ast-hfb-below-header-display":"","ast-hfb-mobile-header-display":"","site-post-title":"disabled","ast-breadcrumbs-content":"","ast-featured-img":"disabled","footer-sml-layout":"","ast-disable-related-posts":"","theme-transparent-header-meta":"default","adv-header-id-meta":"","stick-header-meta":"","header-above-stick-meta":"","header-main-stick-meta":"","header-below-stick-meta":"","astra-migrate-meta-layouts":"default","ast-page-background-enabled":"default","ast-page-background-meta":{"desktop":{"background-color":"","background-image":"","background-repeat":"repeat","background-position":"center center","background-size":"auto","background-attachment":"scroll","background-type":"","background-media":"","overlay-type":"","overlay-color":"","overlay-opacity":"","overlay-gradient":""},"tablet":{"background-color":"","background-image":"","background-repeat":"repeat","background-position":"center center","background-size":"auto","background-attachment":"scroll","background-type":"","background-media":"","overlay-type":"","overlay-color":"","overlay-opacity":"","overlay-gradient":""},"mobile":{"background-color":"","background-image":"","background-repeat":"repeat","background-position":"center center","background-size":"auto","background-attachment":"scroll","background-type":"","background-media":"","overlay-type":"","overlay-color":"","overlay-opacity":"","overlay-gradient":""}},"ast-content-background-meta":{"desktop":{"background-color":"var(--ast-global-color-5)","background-image":"","background-repeat":"repeat","background-position":"center center","background-size":"auto","background-attachment":"scroll","background-type":"","background-media":"","overlay-type":"","overlay-color":"","overlay-opacity":"","overlay-gradient":""},"tablet":{"background-color":"var(--ast-global-color-5)","background-image":"","background-repeat":"repeat","background-position":"center center","background-size":"auto","background-attachment":"scroll","background-type":"","background-media":"","overlay-type":"","overlay-color":"","overlay-opacity":"","overlay-gradient":""},"mobile":{"background-color":"var(--ast-global-color-5)","background-image":"","background-repeat":"repeat","background-position":"center center","background-size":"auto","background-attachment":"scroll","background-type":"","background-media":"","overlay-type":"","overlay-color":"","overlay-opacity":"","overlay-gradient":""}},"_joinchat":[],"footnotes":""},"class_list":["post-705","page","type-page","status-publish","hentry"],"yoast_head":"<!-- This site is optimized with the Yoast SEO plugin v27.4 - https:\/\/yoast.com\/product\/yoast-seo-wordpress\/ -->\n<title>ILH Accounting - ILH Law<\/title>\n<meta name=\"robots\" content=\"index, follow, max-snippet:-1, max-image-preview:large, max-video-preview:-1\" \/>\n<link rel=\"canonical\" href=\"https:\/\/ilhlaw.com\/?page_id=705\" \/>\n<meta property=\"og:locale\" content=\"es_ES\" \/>\n<meta property=\"og:type\" content=\"article\" \/>\n<meta property=\"og:title\" content=\"ILH Accounting - ILH Law\" \/>\n<meta property=\"og:description\" content=\"ILH ACCOUNTING Servicio de contabilidad y preparaci\u00f3n de estados financieros para empresas de Panam\u00e1 y de cualesquiera jurisdicciones, a trav\u00e9s de contadores p\u00fablicos autorizados de comprobada experiencia y reputaci\u00f3n. Creamos esta unidad de negocio dedicada exclusivamente a atender sus necesidades a trav\u00e9s de los servicios: Servicios contables y administrativos Registros contables y teneduria de libros. [&hellip;]\" \/>\n<meta property=\"og:url\" content=\"https:\/\/ilhlaw.com\/?page_id=705\" \/>\n<meta property=\"og:site_name\" content=\"ILH Law\" \/>\n<meta property=\"article:publisher\" content=\"https:\/\/www.facebook.com\/ilhlaw\" \/>\n<meta property=\"article:modified_time\" content=\"2020-10-01T23:10:43+00:00\" \/>\n<meta name=\"twitter:card\" content=\"summary_large_image\" \/>\n<meta name=\"twitter:site\" content=\"@Ilhlaw\" \/>\n<meta name=\"twitter:label1\" content=\"Tiempo de lectura\" \/>\n\t<meta name=\"twitter:data1\" content=\"1 minuto\" \/>\n<script type=\"application\/ld+json\" class=\"yoast-schema-graph\">{\"@context\":\"https:\\\/\\\/schema.org\",\"@graph\":[{\"@type\":\"WebPage\",\"@id\":\"https:\\\/\\\/ilhlaw.com\\\/?page_id=705\",\"url\":\"https:\\\/\\\/ilhlaw.com\\\/?page_id=705\",\"name\":\"ILH Accounting - ILH Law\",\"isPartOf\":{\"@id\":\"https:\\\/\\\/ilhlaw.com\\\/#website\"},\"datePublished\":\"2020-08-14T17:36:31+00:00\",\"dateModified\":\"2020-10-01T23:10:43+00:00\",\"breadcrumb\":{\"@id\":\"https:\\\/\\\/ilhlaw.com\\\/?page_id=705#breadcrumb\"},\"inLanguage\":\"es\",\"potentialAction\":[{\"@type\":\"ReadAction\",\"target\":[\"https:\\\/\\\/ilhlaw.com\\\/?page_id=705\"]}]},{\"@type\":\"BreadcrumbList\",\"@id\":\"https:\\\/\\\/ilhlaw.com\\\/?page_id=705#breadcrumb\",\"itemListElement\":[{\"@type\":\"ListItem\",\"position\":1,\"name\":\"Portada\",\"item\":\"https:\\\/\\\/ilhlaw.com\\\/\"},{\"@type\":\"ListItem\",\"position\":2,\"name\":\"ILH Accounting\"}]},{\"@type\":\"WebSite\",\"@id\":\"https:\\\/\\\/ilhlaw.com\\\/#website\",\"url\":\"https:\\\/\\\/ilhlaw.com\\\/\",\"name\":\"ILH Law\",\"description\":\"International Legal Hub\",\"publisher\":{\"@id\":\"https:\\\/\\\/ilhlaw.com\\\/#organization\"},\"potentialAction\":[{\"@type\":\"SearchAction\",\"target\":{\"@type\":\"EntryPoint\",\"urlTemplate\":\"https:\\\/\\\/ilhlaw.com\\\/?s={search_term_string}\"},\"query-input\":{\"@type\":\"PropertyValueSpecification\",\"valueRequired\":true,\"valueName\":\"search_term_string\"}}],\"inLanguage\":\"es\"},{\"@type\":\"Organization\",\"@id\":\"https:\\\/\\\/ilhlaw.com\\\/#organization\",\"name\":\"ILH Law\",\"url\":\"https:\\\/\\\/ilhlaw.com\\\/\",\"logo\":{\"@type\":\"ImageObject\",\"inLanguage\":\"es\",\"@id\":\"https:\\\/\\\/ilhlaw.com\\\/#\\\/schema\\\/logo\\\/image\\\/\",\"url\":\"https:\\\/\\\/ilhlaw.com\\\/wp-content\\\/uploads\\\/2019\\\/10\\\/cropped-LOGO-ILH-WEB-2.png\",\"contentUrl\":\"https:\\\/\\\/ilhlaw.com\\\/wp-content\\\/uploads\\\/2019\\\/10\\\/cropped-LOGO-ILH-WEB-2.png\",\"width\":1718,\"height\":514,\"caption\":\"ILH Law\"},\"image\":{\"@id\":\"https:\\\/\\\/ilhlaw.com\\\/#\\\/schema\\\/logo\\\/image\\\/\"},\"sameAs\":[\"https:\\\/\\\/www.facebook.com\\\/ilhlaw\",\"https:\\\/\\\/x.com\\\/Ilhlaw\",\"https:\\\/\\\/www.instagram.com\\\/ilhlaw\\\/\"]}]}<\/script>\n<!-- \/ Yoast SEO plugin. -->","yoast_head_json":{"title":"ILH Accounting - ILH Law","robots":{"index":"index","follow":"follow","max-snippet":"max-snippet:-1","max-image-preview":"max-image-preview:large","max-video-preview":"max-video-preview:-1"},"canonical":"https:\/\/ilhlaw.com\/?page_id=705","og_locale":"es_ES","og_type":"article","og_title":"ILH Accounting - ILH Law","og_description":"ILH ACCOUNTING Servicio de contabilidad y preparaci\u00f3n de estados financieros para empresas de Panam\u00e1 y de cualesquiera jurisdicciones, a trav\u00e9s de contadores p\u00fablicos autorizados de comprobada experiencia y reputaci\u00f3n. Creamos esta unidad de negocio dedicada exclusivamente a atender sus necesidades a trav\u00e9s de los servicios: Servicios contables y administrativos Registros contables y teneduria de libros. [&hellip;]","og_url":"https:\/\/ilhlaw.com\/?page_id=705","og_site_name":"ILH Law","article_publisher":"https:\/\/www.facebook.com\/ilhlaw","article_modified_time":"2020-10-01T23:10:43+00:00","twitter_card":"summary_large_image","twitter_site":"@Ilhlaw","twitter_misc":{"Tiempo de lectura":"1 minuto"},"schema":{"@context":"https:\/\/schema.org","@graph":[{"@type":"WebPage","@id":"https:\/\/ilhlaw.com\/?page_id=705","url":"https:\/\/ilhlaw.com\/?page_id=705","name":"ILH Accounting - ILH Law","isPartOf":{"@id":"https:\/\/ilhlaw.com\/#website"},"datePublished":"2020-08-14T17:36:31+00:00","dateModified":"2020-10-01T23:10:43+00:00","breadcrumb":{"@id":"https:\/\/ilhlaw.com\/?page_id=705#breadcrumb"},"inLanguage":"es","potentialAction":[{"@type":"ReadAction","target":["https:\/\/ilhlaw.com\/?page_id=705"]}]},{"@type":"BreadcrumbList","@id":"https:\/\/ilhlaw.com\/?page_id=705#breadcrumb","itemListElement":[{"@type":"ListItem","position":1,"name":"Portada","item":"https:\/\/ilhlaw.com\/"},{"@type":"ListItem","position":2,"name":"ILH Accounting"}]},{"@type":"WebSite","@id":"https:\/\/ilhlaw.com\/#website","url":"https:\/\/ilhlaw.com\/","name":"ILH Law","description":"International Legal Hub","publisher":{"@id":"https:\/\/ilhlaw.com\/#organization"},"potentialAction":[{"@type":"SearchAction","target":{"@type":"EntryPoint","urlTemplate":"https:\/\/ilhlaw.com\/?s={search_term_string}"},"query-input":{"@type":"PropertyValueSpecification","valueRequired":true,"valueName":"search_term_string"}}],"inLanguage":"es"},{"@type":"Organization","@id":"https:\/\/ilhlaw.com\/#organization","name":"ILH Law","url":"https:\/\/ilhlaw.com\/","logo":{"@type":"ImageObject","inLanguage":"es","@id":"https:\/\/ilhlaw.com\/#\/schema\/logo\/image\/","url":"https:\/\/ilhlaw.com\/wp-content\/uploads\/2019\/10\/cropped-LOGO-ILH-WEB-2.png","contentUrl":"https:\/\/ilhlaw.com\/wp-content\/uploads\/2019\/10\/cropped-LOGO-ILH-WEB-2.png","width":1718,"height":514,"caption":"ILH Law"},"image":{"@id":"https:\/\/ilhlaw.com\/#\/schema\/logo\/image\/"},"sameAs":["https:\/\/www.facebook.com\/ilhlaw","https:\/\/x.com\/Ilhlaw","https:\/\/www.instagram.com\/ilhlaw\/"]}]}},"_links":{"self":[{"href":"https:\/\/ilhlaw.com\/index.php?rest_route=\/wp\/v2\/pages\/705","targetHints":{"allow":["GET"]}}],"collection":[{"href":"https:\/\/ilhlaw.com\/index.php?rest_route=\/wp\/v2\/pages"}],"about":[{"href":"https:\/\/ilhlaw.com\/index.php?rest_route=\/wp\/v2\/types\/page"}],"author":[{"embeddable":true,"href":"https:\/\/ilhlaw.com\/index.php?rest_route=\/wp\/v2\/users\/1"}],"replies":[{"embeddable":true,"href":"https:\/\/ilhlaw.com\/index.php?rest_route=%2Fwp%2Fv2%2Fcomments&post=705"}],"version-history":[{"count":3,"href":"https:\/\/ilhlaw.com\/index.php?rest_route=\/wp\/v2\/pages\/705\/revisions"}],"predecessor-version":[{"id":738,"href":"https:\/\/ilhlaw.com\/index.php?rest_route=\/wp\/v2\/pages\/705\/revisions\/738"}],"wp:attachment":[{"href":"https:\/\/ilhlaw.com\/index.php?rest_route=%2Fwp%2Fv2%2Fmedia&parent=705"}],"curies":[{"name":"wp","href":"https:\/\/api.w.org\/{rel}","templated":true}]}}